{"id":76,"date":"2018-05-07T19:22:20","date_gmt":"2018-05-07T19:22:20","guid":{"rendered":"http:\/\/localhost\/?page_id=76"},"modified":"2022-06-28T16:57:05","modified_gmt":"2022-06-28T21:57:05","slug":"cirugia","status":"publish","type":"page","link":"https:\/\/www.fsjb.org\/web\/?page_id=76","title":{"rendered":"Cirugia"},"content":{"rendered":"<p><img loading=\"lazy\" decoding=\"async\" class=\"size-medium wp-image-1767 alignleft\" src=\"https:\/\/www.fhsjb.org\/web\/wp-content\/uploads\/DSC_0062-1-300x199.png\" alt=\"\" width=\"300\" height=\"199\" srcset=\"https:\/\/www.fsjb.org\/web\/wp-content\/uploads\/DSC_0062-1-300x199.png 300w, https:\/\/www.fsjb.org\/web\/wp-content\/uploads\/DSC_0062-1.png 350w\" sizes=\"auto, (max-width: 300px) 100vw, 300px\" \/><\/p>\n<ul>\n<li style=\"list-style-type: none;\">\n<ul>\n<li><span style=\"color: #000000;\">Contamos con 4 quir\u00f3fanos<\/span><\/li>\n<li><span style=\"color: #000000;\">Cirug\u00edas de Baja, mediana y alta complejidad.<\/span><\/li>\n<li><span style=\"color: #000000;\"><br \/>\nEspecialidades en: Cirug\u00eda general Ginecolog\u00eda-Obstetricia, ortopedia-traumatolog\u00eda (Intensificador de im\u00e1genes), remplazos articulares de cadera y rodilla, cirug\u00eda artroscopica, cirug\u00eda de mano, maxilofacial, urolog\u00eda, oftalmolog\u00eda, otorrinolaringolog\u00eda, neurocirug\u00eda y dermatolog\u00eda.<\/span><\/li>\n<\/ul>\n<\/li>\n<\/ul>\n<p><span style=\"color: #000000;\">\u00a0<\/span><\/p>\n<p><span style=\"color: #000000;\">Dotaci\u00f3n completa para quir\u00f3fanos, para dar respuesta a la demanda de patolog\u00eda quir\u00fargica en la regi\u00f3n.<\/span><\/p>\n<p><span style=\"color: #000000;\"><strong>Se adquieren los siguientes Equipos:<\/strong> Maquinas de Anestesia, Monitores, Capnografo, L\u00e1mparas Ciel\u00edticas, Electro bistur\u00ed, Desfibriladores, Aspiradores e instrumental Quir\u00fargico para todas las especialidades.<\/span><\/p>\n<h3><span style=\"color: #007970;\">NEUROCIRUG\u00cdA ALTA COMPLEJIDAD<\/span><\/h3>\n<ul>\n<li><span style=\"color: #000000;\">Angiograf\u00eda cerebral y de cuello Cirug\u00eda vascular cerebral (Aneurismas y Malformaciones)<\/span><\/li>\n<li><span style=\"color: #000000;\">Cirug\u00eda de Columna Vertebral<\/span><\/li>\n<li><span style=\"color: #000000;\">Tratamiento Quir\u00fargico del dolor<\/span><\/li>\n<li><span style=\"color: #000000;\">Cirug\u00eda endosc\u00f3pica cerebral (Tratamiento Hidrocefalia)<\/span><\/li>\n<\/ul>\n<h3><span style=\"color: #007970;\">CIRUG\u00cdA VASCULAR PERIF\u00c9RICA<\/span><\/h3>\n<p style=\"padding-left: 30px;\"><span style=\"color: #000000;\">\u00a0Diagnostico Vascular Perif\u00e9rico No Invasivo:<\/span><\/p>\n<ul>\n<li><span style=\"color: #000000;\">Doppler y D\u00faplex Arterial y venoso de extremidades<\/span><\/li>\n<li><span style=\"color: #000000;\">Doppler Vasos del cuello<\/span><\/li>\n<li><span style=\"color: #000000;\">Aorta e Iliacasz<\/span><\/li>\n<\/ul>\n<p style=\"padding-left: 30px;\"><span style=\"color: #000000;\">Diagnostico Vascular Perif\u00e9rico Invasivo:<\/span><\/p>\n<ul>\n<li><span style=\"color: #000000;\">Arteriograf\u00eda intervencionista<\/span><\/li>\n<\/ul>\n<p style=\"padding-left: 30px;\"><span style=\"color: #000000;\">Procedimientos Quir\u00fargicos<\/span><\/p>\n<ul>\n<li><span style=\"color: #000000;\">Derivaciones arteriales<\/span><\/li>\n<li><span style=\"color: #000000;\">Tratamiento convencional Aneurismas de aorta<\/span><\/li>\n<li><span style=\"color: #000000;\">Trauma Vascular Perif\u00e9rico<\/span><\/li>\n<li><span style=\"color: #000000;\">Cirug\u00eda de car\u00f3tidas<\/span><\/li>\n<li><span style=\"color: #000000;\">Acceso vascular para pacientes de falla renal<\/span><\/li>\n<\/ul>\n<h3><span style=\"color: #007970;\">CIRUG\u00cdA CARDIOVASCULAR<\/span><\/h3>\n<p style=\"padding-left: 30px;\"><span style=\"color: #000000;\">Manejo quir\u00fargico de la enfermedad cardiovascular<\/span><\/p>\n<ul>\n<li><span style=\"color: #000000;\">Reemplazo de v\u00e1lvula Mitral<\/span><\/li>\n<li><span style=\"color: #000000;\">Reemplazo de v\u00e1lvula a\u00f3rtica<\/span><\/li>\n<li><span style=\"color: #000000;\">Revascularizaci\u00f3n Mioc\u00e1rdica con bomba<\/span><\/li>\n<li><span style=\"color: #000000;\">Correcci\u00f3n de Aneurismas<\/span><\/li>\n<\/ul>\n<h3><span style=\"color: #007970;\">CIRUG\u00cdA LAPAROSCOPICA<\/span><\/h3>\n<p style=\"padding-left: 30px;\"><span style=\"color: #000000;\">Cirug\u00eda de invasi\u00f3n m\u00ednima, lo cual garantiza una recuperaci\u00f3n m\u00e1s r\u00e1pida permitiendo de esta manera la reincorporaci\u00f3n oportuna a las actividades diarias que desempe\u00f1e el paciente.<\/span><\/p>\n<p style=\"padding-left: 30px;\"><span style=\"color: #000000;\">Procedimientos:<\/span><\/p>\n<ul>\n<li><span style=\"color: #000000;\">Colecistectom\u00eda<\/span><\/li>\n<li><span style=\"color: #000000;\">Apendicectom\u00eda<\/span><\/li>\n<li><span style=\"color: #000000;\">Laparoscopia diagnostica<\/span><\/li>\n<li><span style=\"color: #000000;\">Liberaci\u00f3n de adherencias peritoneales<\/span><\/li>\n<li><span style=\"color: #000000;\">Suturas de Diafragma<\/span><\/li>\n<li><span style=\"color: #000000;\">Toracoscopia de limpieza<\/span><\/li>\n<\/ul>\n ","protected":false},"excerpt":{"rendered":"<p>Contamos con 4 quir\u00f3fanos Cirug\u00edas de Baja, mediana y alta complejidad. Especialidades en: Cirug\u00eda general Ginecolog\u00eda-Obstetricia, ortopedia-traumatolog\u00eda (Intensificador de im\u00e1genes), remplazos articulares de cadera y rodilla, cirug\u00eda artroscopica, cirug\u00eda de mano, maxilofacial, urolog\u00eda, oftalmolog\u00eda, otorrinolaringolog\u00eda, neurocirug\u00eda y dermatolog\u00eda. \u00a0 Dotaci\u00f3n completa para quir\u00f3fanos, para dar respuesta a la demanda de patolog\u00eda quir\u00fargica en la regi\u00f3n. [&hellip;]<\/p>\n","protected":false},"author":1,"featured_media":0,"parent":0,"menu_order":0,"comment_status":"closed","ping_status":"closed","template":"","meta":{"_cbd_carousel_blocks":"[]","footnotes":""},"class_list":["post-76","page","type-page","status-publish","hentry"],"yoast_head":"<!-- This site is optimized with the Yoast SEO plugin v27.5 - https:\/\/yoast.com\/product\/yoast-seo-wordpress\/ -->\n<title>Cirugia - Fundaci&oacute;n San Jos&eacute; Buga<\/title>\n<meta name=\"robots\" content=\"index, follow, max-snippet:-1, max-image-preview:large, max-video-preview:-1\" \/>\n<link rel=\"canonical\" href=\"https:\/\/www.fsjb.org\/web\/?page_id=76\" \/>\n<meta property=\"og:locale\" content=\"es_ES\" \/>\n<meta property=\"og:type\" content=\"article\" \/>\n<meta property=\"og:title\" content=\"Cirugia - Fundaci&oacute;n San Jos&eacute; Buga\" \/>\n<meta property=\"og:description\" content=\"Contamos con 4 quir\u00f3fanos Cirug\u00edas de Baja, mediana y alta complejidad. Especialidades en: Cirug\u00eda general Ginecolog\u00eda-Obstetricia, ortopedia-traumatolog\u00eda (Intensificador de im\u00e1genes), remplazos articulares de cadera y rodilla, cirug\u00eda artroscopica, cirug\u00eda de mano, maxilofacial, urolog\u00eda, oftalmolog\u00eda, otorrinolaringolog\u00eda, neurocirug\u00eda y dermatolog\u00eda. \u00a0 Dotaci\u00f3n completa para quir\u00f3fanos, para dar respuesta a la demanda de patolog\u00eda quir\u00fargica en la regi\u00f3n. [&hellip;]\" \/>\n<meta property=\"og:url\" content=\"https:\/\/www.fsjb.org\/web\/?page_id=76\" \/>\n<meta property=\"og:site_name\" content=\"Fundaci&oacute;n San Jos&eacute; Buga\" \/>\n<meta property=\"article:publisher\" content=\"https:\/\/www.facebook.com\/fundacionsanjosebuga\/\" \/>\n<meta property=\"article:modified_time\" content=\"2022-06-28T21:57:05+00:00\" \/>\n<meta property=\"og:image\" content=\"https:\/\/www.fhsjb.org\/web\/wp-content\/uploads\/DSC_0062-1-300x199.png\" \/>\n<meta name=\"twitter:card\" content=\"summary_large_image\" \/>\n<meta name=\"twitter:label1\" content=\"Tiempo de lectura\" \/>\n\t<meta name=\"twitter:data1\" content=\"1 minuto\" \/>\n<script type=\"application\/ld+json\" class=\"yoast-schema-graph\">{\"@context\":\"https:\\\/\\\/schema.org\",\"@graph\":[{\"@type\":\"WebPage\",\"@id\":\"https:\\\/\\\/www.fsjb.org\\\/web\\\/?page_id=76\",\"url\":\"https:\\\/\\\/www.fsjb.org\\\/web\\\/?page_id=76\",\"name\":\"Cirugia - Fundaci&oacute;n San Jos&eacute; Buga\",\"isPartOf\":{\"@id\":\"https:\\\/\\\/www.fsjb.org\\\/web\\\/#website\"},\"primaryImageOfPage\":{\"@id\":\"https:\\\/\\\/www.fsjb.org\\\/web\\\/?page_id=76#primaryimage\"},\"image\":{\"@id\":\"https:\\\/\\\/www.fsjb.org\\\/web\\\/?page_id=76#primaryimage\"},\"thumbnailUrl\":\"https:\\\/\\\/www.fhsjb.org\\\/web\\\/wp-content\\\/uploads\\\/DSC_0062-1-300x199.png\",\"datePublished\":\"2018-05-07T19:22:20+00:00\",\"dateModified\":\"2022-06-28T21:57:05+00:00\",\"breadcrumb\":{\"@id\":\"https:\\\/\\\/www.fsjb.org\\\/web\\\/?page_id=76#breadcrumb\"},\"inLanguage\":\"es\",\"potentialAction\":[{\"@type\":\"ReadAction\",\"target\":[\"https:\\\/\\\/www.fsjb.org\\\/web\\\/?page_id=76\"]}]},{\"@type\":\"ImageObject\",\"inLanguage\":\"es\",\"@id\":\"https:\\\/\\\/www.fsjb.org\\\/web\\\/?page_id=76#primaryimage\",\"url\":\"https:\\\/\\\/www.fhsjb.org\\\/web\\\/wp-content\\\/uploads\\\/DSC_0062-1-300x199.png\",\"contentUrl\":\"https:\\\/\\\/www.fhsjb.org\\\/web\\\/wp-content\\\/uploads\\\/DSC_0062-1-300x199.png\"},{\"@type\":\"BreadcrumbList\",\"@id\":\"https:\\\/\\\/www.fsjb.org\\\/web\\\/?page_id=76#breadcrumb\",\"itemListElement\":[{\"@type\":\"ListItem\",\"position\":1,\"name\":\"Portada\",\"item\":\"https:\\\/\\\/www.fsjb.org\\\/web\\\/\"},{\"@type\":\"ListItem\",\"position\":2,\"name\":\"Cirugia\"}]},{\"@type\":\"WebSite\",\"@id\":\"https:\\\/\\\/www.fsjb.org\\\/web\\\/#website\",\"url\":\"https:\\\/\\\/www.fsjb.org\\\/web\\\/\",\"name\":\"Fundaci\u00f3n San Jos\u00e9 Buga\",\"description\":\"Pagina web\",\"publisher\":{\"@id\":\"https:\\\/\\\/www.fsjb.org\\\/web\\\/#organization\"},\"potentialAction\":[{\"@type\":\"SearchAction\",\"target\":{\"@type\":\"EntryPoint\",\"urlTemplate\":\"https:\\\/\\\/www.fsjb.org\\\/web\\\/?s={search_term_string}\"},\"query-input\":{\"@type\":\"PropertyValueSpecification\",\"valueRequired\":true,\"valueName\":\"search_term_string\"}}],\"inLanguage\":\"es\"},{\"@type\":\"Organization\",\"@id\":\"https:\\\/\\\/www.fsjb.org\\\/web\\\/#organization\",\"name\":\"Fundaci\u00f3n San Jos\u00e9 Buga\",\"url\":\"https:\\\/\\\/www.fsjb.org\\\/web\\\/\",\"logo\":{\"@type\":\"ImageObject\",\"inLanguage\":\"es\",\"@id\":\"https:\\\/\\\/www.fsjb.org\\\/web\\\/#\\\/schema\\\/logo\\\/image\\\/\",\"url\":\"https:\\\/\\\/www.fsjb.org\\\/web\\\/wp-content\\\/uploads\\\/logo-n.png\",\"contentUrl\":\"https:\\\/\\\/www.fsjb.org\\\/web\\\/wp-content\\\/uploads\\\/logo-n.png\",\"width\":208,\"height\":166,\"caption\":\"Fundaci\u00f3n San Jos\u00e9 Buga\"},\"image\":{\"@id\":\"https:\\\/\\\/www.fsjb.org\\\/web\\\/#\\\/schema\\\/logo\\\/image\\\/\"},\"sameAs\":[\"https:\\\/\\\/www.facebook.com\\\/fundacionsanjosebuga\\\/\",\"https:\\\/\\\/co.linkedin.com\\\/company\\\/fsjb\"]}]}<\/script>\n<!-- \/ Yoast SEO plugin. -->","yoast_head_json":{"title":"Cirugia - Fundaci&oacute;n San Jos&eacute; Buga","robots":{"index":"index","follow":"follow","max-snippet":"max-snippet:-1","max-image-preview":"max-image-preview:large","max-video-preview":"max-video-preview:-1"},"canonical":"https:\/\/www.fsjb.org\/web\/?page_id=76","og_locale":"es_ES","og_type":"article","og_title":"Cirugia - Fundaci&oacute;n San Jos&eacute; Buga","og_description":"Contamos con 4 quir\u00f3fanos Cirug\u00edas de Baja, mediana y alta complejidad. Especialidades en: Cirug\u00eda general Ginecolog\u00eda-Obstetricia, ortopedia-traumatolog\u00eda (Intensificador de im\u00e1genes), remplazos articulares de cadera y rodilla, cirug\u00eda artroscopica, cirug\u00eda de mano, maxilofacial, urolog\u00eda, oftalmolog\u00eda, otorrinolaringolog\u00eda, neurocirug\u00eda y dermatolog\u00eda. \u00a0 Dotaci\u00f3n completa para quir\u00f3fanos, para dar respuesta a la demanda de patolog\u00eda quir\u00fargica en la regi\u00f3n. [&hellip;]","og_url":"https:\/\/www.fsjb.org\/web\/?page_id=76","og_site_name":"Fundaci&oacute;n San Jos&eacute; Buga","article_publisher":"https:\/\/www.facebook.com\/fundacionsanjosebuga\/","article_modified_time":"2022-06-28T21:57:05+00:00","og_image":[{"url":"https:\/\/www.fhsjb.org\/web\/wp-content\/uploads\/DSC_0062-1-300x199.png","type":"","width":"","height":""}],"twitter_card":"summary_large_image","twitter_misc":{"Tiempo de lectura":"1 minuto"},"schema":{"@context":"https:\/\/schema.org","@graph":[{"@type":"WebPage","@id":"https:\/\/www.fsjb.org\/web\/?page_id=76","url":"https:\/\/www.fsjb.org\/web\/?page_id=76","name":"Cirugia - Fundaci&oacute;n San Jos&eacute; Buga","isPartOf":{"@id":"https:\/\/www.fsjb.org\/web\/#website"},"primaryImageOfPage":{"@id":"https:\/\/www.fsjb.org\/web\/?page_id=76#primaryimage"},"image":{"@id":"https:\/\/www.fsjb.org\/web\/?page_id=76#primaryimage"},"thumbnailUrl":"https:\/\/www.fhsjb.org\/web\/wp-content\/uploads\/DSC_0062-1-300x199.png","datePublished":"2018-05-07T19:22:20+00:00","dateModified":"2022-06-28T21:57:05+00:00","breadcrumb":{"@id":"https:\/\/www.fsjb.org\/web\/?page_id=76#breadcrumb"},"inLanguage":"es","potentialAction":[{"@type":"ReadAction","target":["https:\/\/www.fsjb.org\/web\/?page_id=76"]}]},{"@type":"ImageObject","inLanguage":"es","@id":"https:\/\/www.fsjb.org\/web\/?page_id=76#primaryimage","url":"https:\/\/www.fhsjb.org\/web\/wp-content\/uploads\/DSC_0062-1-300x199.png","contentUrl":"https:\/\/www.fhsjb.org\/web\/wp-content\/uploads\/DSC_0062-1-300x199.png"},{"@type":"BreadcrumbList","@id":"https:\/\/www.fsjb.org\/web\/?page_id=76#breadcrumb","itemListElement":[{"@type":"ListItem","position":1,"name":"Portada","item":"https:\/\/www.fsjb.org\/web\/"},{"@type":"ListItem","position":2,"name":"Cirugia"}]},{"@type":"WebSite","@id":"https:\/\/www.fsjb.org\/web\/#website","url":"https:\/\/www.fsjb.org\/web\/","name":"Fundaci\u00f3n San Jos\u00e9 Buga","description":"Pagina web","publisher":{"@id":"https:\/\/www.fsjb.org\/web\/#organization"},"potentialAction":[{"@type":"SearchAction","target":{"@type":"EntryPoint","urlTemplate":"https:\/\/www.fsjb.org\/web\/?s={search_term_string}"},"query-input":{"@type":"PropertyValueSpecification","valueRequired":true,"valueName":"search_term_string"}}],"inLanguage":"es"},{"@type":"Organization","@id":"https:\/\/www.fsjb.org\/web\/#organization","name":"Fundaci\u00f3n San Jos\u00e9 Buga","url":"https:\/\/www.fsjb.org\/web\/","logo":{"@type":"ImageObject","inLanguage":"es","@id":"https:\/\/www.fsjb.org\/web\/#\/schema\/logo\/image\/","url":"https:\/\/www.fsjb.org\/web\/wp-content\/uploads\/logo-n.png","contentUrl":"https:\/\/www.fsjb.org\/web\/wp-content\/uploads\/logo-n.png","width":208,"height":166,"caption":"Fundaci\u00f3n San Jos\u00e9 Buga"},"image":{"@id":"https:\/\/www.fsjb.org\/web\/#\/schema\/logo\/image\/"},"sameAs":["https:\/\/www.facebook.com\/fundacionsanjosebuga\/","https:\/\/co.linkedin.com\/company\/fsjb"]}]}},"_links":{"self":[{"href":"https:\/\/www.fsjb.org\/web\/index.php?rest_route=\/wp\/v2\/pages\/76","targetHints":{"allow":["GET"]}}],"collection":[{"href":"https:\/\/www.fsjb.org\/web\/index.php?rest_route=\/wp\/v2\/pages"}],"about":[{"href":"https:\/\/www.fsjb.org\/web\/index.php?rest_route=\/wp\/v2\/types\/page"}],"author":[{"embeddable":true,"href":"https:\/\/www.fsjb.org\/web\/index.php?rest_route=\/wp\/v2\/users\/1"}],"replies":[{"embeddable":true,"href":"https:\/\/www.fsjb.org\/web\/index.php?rest_route=%2Fwp%2Fv2%2Fcomments&post=76"}],"version-history":[{"count":0,"href":"https:\/\/www.fsjb.org\/web\/index.php?rest_route=\/wp\/v2\/pages\/76\/revisions"}],"wp:attachment":[{"href":"https:\/\/www.fsjb.org\/web\/index.php?rest_route=%2Fwp%2Fv2%2Fmedia&parent=76"}],"curies":[{"name":"wp","href":"https:\/\/api.w.org\/{rel}","templated":true}]}}