{"id":68,"date":"2018-05-07T19:22:19","date_gmt":"2018-05-07T19:22:19","guid":{"rendered":"http:\/\/localhost\/?page_id=68"},"modified":"2018-08-14T19:43:56","modified_gmt":"2018-08-14T19:43:56","slug":"modelo-de-atencion","status":"publish","type":"page","link":"https:\/\/www.fsjb.org\/web\/?page_id=68","title":{"rendered":"Modelo de Atenci\u00f3n"},"content":{"rendered":"<p style=\"text-align: left;\"><span style=\"color: #007970;\"><strong>DEFINICI\u00d3N DE SALUD<\/strong>: <\/span><span style=\"color: #000000;\">&#8220;Salud es el estado del completo bienestar f\u00edsico, mental y social y no solamente la ausencia de enfermedad&#8221; (definici\u00f3n de la OMS)<\/span><\/p>\n<p style=\"text-align: left;\"><span style=\"color: #007970;\"><strong>DEFINICI\u00d3N DE ATENCI\u00d3N EN SALUD:<\/strong><\/span> <span style=\"color: #000000;\">El presente documento adopta la definici\u00f3n de atenci\u00f3n en salud, establecida en la Pol\u00edtica de Seguridad del Paciente propuesta por el Ministerio de la Protecci\u00f3n Social en los siguientes t\u00e9rminos: &#8220;Servicios recibidos por los individuos o las poblaciones para promover, mantener, monitorizar o restaurar la salud&#8221;.<\/span><\/p>\n<p style=\"text-align: left;\"><span style=\"color: #007970;\"><strong>DEFINICI\u00d3N MODELO DE ATENCI\u00d3N: <\/strong><\/span><span style=\"color: #000000;\">Comprende el enfoque aplicado en la organizaci\u00f3n para la prestaci\u00f3n del servicio, la integralidad de las acciones, y la consiguiente orientaci\u00f3n de las actividades de salud.<\/span><\/p>\n<p style=\"text-align: left;\"><span style=\"color: #000000;\">De \u00e9l se deriva la forma como se organizan los establecimientos y recursos para la atenci\u00f3n de la salud desde la perspectiva del servicio a las personas, e incluye las funciones asistenciales y log\u00edsticas, como la puerta de entrada al sistema, su capacidad resolutiva, la responsabilidad sobre las personas que demandan servicios, as\u00ed como el proceso de referencia y contrarreferencia&#8221;.<\/span><\/p>\n<p style=\"text-align: left;\"><span style=\"color: #007970;\"><strong>PLATAFORMA\u00a0<\/strong><\/span><span style=\"color: #007970;\"><b>ESTRAT\u00c9GICA<\/b><\/span>\u00a0(Ver\u00a0<a href=\"https:\/\/www.fhsjb.org\/web\/index.php\/mision-y-vision\/mision-y-vision-2\/\">Misi\u00f3n y Visi\u00f3n<\/a> y <a href=\"https:\/\/www.fhsjb.org\/web\/index.php\/quienes-somos\/modelo-atencion\/77-quienes-somos\/72-valores-institucionales\">Valores Institucionales<\/a>)<\/p>\n<p style=\"text-align: left;\"><span style=\"color: #000000;\">El modelo asistencial se basa en el mejoramiento continuo y la seguridad del paciente y tiene las siguientes caracter\u00edsticas:<\/span><\/p>\n<p style=\"text-align: left; padding-left: 30px;\"><span style=\"color: #000000;\"><span style=\"color: #007970;\"><strong>\u2022 Accesibilidad:<\/strong><\/span> Facilidad con que se obtienen los cuidados m\u00e9dicos, a pesar de las barreras que se presentan (econ\u00f3micas, geograf\u00edas y de la instituci\u00f3n).<\/span><\/p>\n<p style=\"text-align: left; padding-left: 30px;\"><span style=\"color: #000000;\"><span style=\"color: #007970;\"><strong>\u2022 Oportunidad:<\/strong><\/span> Es la posibilidad que tiene el usuario de obtener los servicios que requiere, sin que se presenten retrasos que pongan en riesgo su vida o su salud.<\/span><\/p>\n<p style=\"text-align: left; padding-left: 30px;\"><span style=\"color: #000000;\"><span style=\"color: #007970;\"><strong>\u2022 Seguridad:<\/strong><\/span> Es el conjunto de elementos que propenden por minimizar el riesgo de sufrir un evento adverso en el proceso de atenci\u00f3n de salud o de mitigar sus consecuencias.<\/span><\/p>\n<p style=\"text-align: left; padding-left: 30px;\"><span style=\"color: #000000;\"><span style=\"color: #007970;\"><strong>\u2022 Pertinencia:<\/strong><\/span> Es el grado de aplicaci\u00f3n de los conocimientos m\u00e9dicos y la tecnolog\u00eda disponible de acuerdo con la evidencia cient\u00edfica.<\/span><\/p>\n<p style=\"text-align: left; padding-left: 30px;\"><span style=\"color: #000000;\"><span style=\"color: #007970;\"><strong>\u2022 Continuidad:<\/strong><\/span> Es la prestaci\u00f3n de los servicios mediante una secuencia l\u00f3gica y racional de actividades sin interrupciones.<\/span><\/p>\n<p style=\"text-align: left; padding-left: 30px;\"><span style=\"color: #000000;\"><span style=\"color: #007970;\"><strong>\u2022 Satisfacci\u00f3n del Usuario:<\/strong><\/span> Grado de cumplimiento de las expectativas de los pacientes, frente a la atenci\u00f3n recibida, los resultados obtenidos, los profesionales y la organizaci\u00f3n.<\/span><\/p>\n<p style=\"text-align: left; padding-left: 30px;\"><span style=\"color: #000000;\"><span style=\"color: #007970;\"><strong>\u2022 Efectividad:<\/strong><\/span> Es el grado en que la prestaci\u00f3n de los servicios asistenciales alcanza los resultados esperados para el paciente.<\/span><\/p>\n<p style=\"text-align: left; padding-left: 30px;\"><span style=\"color: #000000;\"><span style=\"color: #007970;\"><strong>\u2022 Eficiencia:<\/strong><\/span> Uso racional de los recursos disponibles para la obtenci\u00f3n del resultado esperado.<\/span><\/p>\n<p style=\"text-align: left; padding-left: 30px;\"><span style=\"color: #000000;\"><span style=\"color: #007970;\"><strong>\u2022 Coordinaci\u00f3n:<\/strong><\/span> Articulaci\u00f3n entre diferentes \u00e1reas, servicios o procesos que garanticen el resultado esperado para el paciente.<\/span><\/p>\n<p style=\"text-align: left; padding-left: 30px;\"><span style=\"color: #000000;\"><span style=\"color: #007970;\"><strong>\u2022 Competencia:<\/strong><\/span> Habilidad demostrada para aplicar los conocimientos y aptitudes que proporcionen salud y satisfacci\u00f3n a los usuarios.<\/span><\/p>\n<h3 style=\"text-align: left;\"><span style=\"color: #007970;\">Nuestros clientes<\/span><\/h3>\n<p style=\"text-align: left;\"><span style=\"color: #000000;\">La instituci\u00f3n en su car\u00e1cter de fundaci\u00f3n sin animo de lucro, presta sus servicios de salud de mediana y alta complejidad a instituciones del sector oficial, como la Secretaria Departamental de Salud del Valle del Cauca mediante contrato que cubre sectores espec\u00edficos de poblaci\u00f3n, a entidades del r\u00e9gimen contributivo y subsidiado que contratan con la instituci\u00f3n, Entidades administradoras de riesgos profesionales, aseguradoras, SOAT, entre otras.<\/span><\/p>\n<p style=\"text-align: left;\"><span style=\"color: #000000;\">Estas contrataciones especifican las condiciones de prestaci\u00f3n de servicios, y los rangos de patolog\u00eda que se pueden atender, especificando que patolog\u00edas se deben referir a otras instancias y cuales son sus redes de prestadores.<\/span><\/p>\n<p style=\"text-align: left;\"><span style=\"color: #007970;\">SEGURIDAD DEL PACIENTE:<\/span> <span style=\"color: #000000;\">la seguridad del paciente es el eje central de la atenci\u00f3n de los mismos. Se encuentra claramente definida una pol\u00edtica de seguridad del paciente, se promueve la pr\u00e1ctica del reporte de eventos adversos, se gestionan los mismos a trav\u00e9s de un comit\u00e9 de seguridad, se practican ronda s de seguridad y se hacen campa\u00f1as educativas en seguridad.<\/span><\/p>\n<p style=\"text-align: left;\"><span style=\"color: #007970;\"><strong>HUMANIZACI\u00d3N DEL SERVICIO<\/strong><\/span><\/p>\n<p style=\"text-align: left;\"><span style=\"color: #007970;\">GESTI\u00d3N TECNOLOGICA:<\/span> <span style=\"color: #000000;\">en la actualidad la instituci\u00f3n tiene aliados estrat\u00e9gicos que aportan tecnolog\u00eda avanzada, y se responsabilizan de que los mismos cumplan con las normas establecidas en la legislaci\u00f3n. En la actualidad se encuentra en un proceso de renovaci\u00f3n de la plataforma inform\u00e1tica, y la nueva aplicaci\u00f3n girar\u00e1 alrededor de la historia cl\u00ednica sistematizada.<\/span><\/p>\n<p style=\"text-align: left;\"><span style=\"color: #007970;\"><strong>GESTI\u00d3N DE RIESGOS<\/strong><\/span><\/p>\n<p style=\"text-align: left;\"><span style=\"color: #007970;\">ATENCI\u00d3N CENTRADA EN EL USUARIO Y SU FAMILIA<\/span><\/p>\n<p style=\"text-align: left;\"><span style=\"color: #000000;\">Para la atenci\u00f3n de los pacientes el hospital ha definido los siguientes procesos misionales:<\/span><\/p>\n<p style=\"text-align: left;\"><span style=\"color: #000000;\">Atenci\u00f3n de consulta externa<\/span><\/p>\n<p style=\"text-align: left;\"><span style=\"color: #000000;\">Atenci\u00f3n hospitalaria<\/span><\/p>\n<p style=\"text-align: left;\"><span style=\"color: #000000;\">Atenci\u00f3n quir\u00fargica<\/span><\/p>\n<p style=\"text-align: left;\"><span style=\"color: #000000;\">Hospitalizaci\u00f3n<\/span><\/p>\n<p style=\"text-align: left;\"><span style=\"color: #000000;\">Urgencias<\/span><\/p>\n<p style=\"text-align: left;\"><span style=\"color: #000000;\">Servicio de apoyo diagnostico y terap\u00e9utico.<\/span><\/p>\n<p style=\"text-align: left;\"><span style=\"color: #007970;\"><strong>CICLO DE ATENCI\u00d3N DEL PACIENTE<\/strong><\/span><\/p>\n<p style=\"text-align: left;\"><span style=\"color: #000000;\">El modelo asistencial define los momentos clave en la atenci\u00f3n de los pacientes, durante los cuales se busca la satisfacci\u00f3n de los mismos.<\/span><\/p>\n<p style=\"text-align: left;\"><span style=\"color: #000000;\">Este ciclo est\u00e1 enmarcado dentro de los principios del proceso de acreditaci\u00f3n y contempla las siguientes etapas:<\/span><\/p>\n<p style=\"text-align: left;\"><span style=\"color: #007970;\">ACCESO Y REGISTRO: <\/span><span style=\"color: #000000;\">el acceso a nuestra instituci\u00f3n se realiza por:<\/span><\/p>\n<p style=\"text-align: left;\"><span style=\"color: #000000;\">a) Remisi\u00f3n a los servicios de urgencia, la instituci\u00f3n tiene claramente definidos 3 servicios: urgencia adultos, urgencia pedi\u00e1trica y urgencia ginecoobstetrica.<\/span><\/p>\n<p style=\"text-align: left;\"><span style=\"color: #000000;\">b) Remisi\u00f3n a consulta externa.<\/span><\/p>\n<p style=\"text-align: left;\"><span style=\"color: #000000;\">c) Remisi\u00f3n desde consultorios externos a salas de cirug\u00eda.<\/span><\/p>\n<p style=\"text-align: left;\"><span style=\"color: #000000;\">Cualquiera que sea la v\u00eda de acceso a nuestra instituci\u00f3n es necesario desarrollar actividades como son: la identificaci\u00f3n de los pacientes, la verificaci\u00f3n de derechos, y si la atenci\u00f3n solicitada cabe dentro de los contratos.<\/span><\/p>\n<p style=\"text-align: left;\"><span style=\"color: #007970;\">Identificaci\u00f3n de las necesidades:<\/span> <span style=\"color: #000000;\">Permite conocer al paciente y determinar sus necesidades y expectativas.<\/span><\/p>\n<p style=\"text-align: left;\"><span style=\"color: #007970;\">Planeaci\u00f3n de la atenci\u00f3n:<\/span> <span style=\"color: #000000;\">El grupo tratante define una serie de cuidados que el paciente necesita en el momento de su estancia en cualquier servicio del hospital<\/span><\/p>\n<p style=\"text-align: left;\"><span style=\"color: #007970;\">Ejecuci\u00f3n del tratamiento:<\/span> <span style=\"color: #000000;\">Incluye todos aquellos tratamientos m\u00e9dicos y quir\u00fargicos, lo mismo que el ordenamiento y ejecuci\u00f3n de todas las ayudas diagnosticas que sean necesarias.<\/span><\/p>\n<p style=\"text-align: left;\"><span style=\"color: #007970;\">Evaluaci\u00f3n del tratamiento:<\/span> <span style=\"color: #000000;\">Incluye definir el efecto que todas las medidas tomadas alrededor del paciente y su enfermedad, han incidido en el curso de la misma.<\/span><\/p>\n<p style=\"text-align: left;\"><span style=\"color: #007970;\">Salida y seguimiento:<\/span> <span style=\"color: #000000;\">son las recomendaciones que el paciente y su familia reciben respecto a su cuidado, los planes educativos que se deben impartir, y el ulterior seguimiento que se har\u00e1 por muestreo a trav\u00e9s del programa &#8220;San Jos\u00e9 te cuida&#8221;.<\/span><\/p>\n<p style=\"text-align: left;\"><span style=\"color: #007970;\"><strong>COMPROMISOS DE LA INSTITUCI\u00d3N PARA LA ATENCI\u00d3N DE LOS PACIENTES<\/strong><\/span><\/p>\n<p style=\"text-align: left;\"><span style=\"color: #000000;\">La FHSJB garantiza el acceso de los pacientes con urgencias vitales, independientes del sistema de afiliaci\u00f3n a que pertenezca. Una vez lograda la estabilizaci\u00f3n se definir\u00e1 la continuidad de la atenci\u00f3n, teniendo en cuenta que prima la vida del paciente.<\/span><\/p>\n<p style=\"text-align: left;\"><span style=\"color: #000000;\">La FHSJB garantiza la atenci\u00f3n de los pacientes sin distinci\u00f3n de edad, genero, raza religi\u00f3n o nivel educativo. Solo ser\u00e1 necesario que la instituci\u00f3n tenga contrato con la entidad a la cual el paciente este afiliado, y que se tenga la autorizaci\u00f3n para la atenci\u00f3n.<\/span><\/p>\n<p style=\"text-align: left;\"><span style=\"color: #000000;\">Definir\u00e1 los procesos de hospitalizaci\u00f3n de acuerdo a la complejidad de las patolog\u00edas y a la capacidad instalada, en casos seleccionados, y de acuerdo a convenios y protocolos, el paciente ser\u00e1 referido a una atenci\u00f3n domiciliaria.<\/span><\/p>\n<p style=\"text-align: left;\"><span style=\"color: #000000;\">Prestar\u00e1 servicios de cirug\u00eda ambulatoria para aquellas patolog\u00edas que universalmente se aceptan.<\/span><\/p>\n<p style=\"text-align: left;\"><span style=\"color: #000000;\">En los servicios de consulta ambulatoria, se dar\u00e1 prioridad a los controles pos tratamiento.<\/span><\/p>\n<p style=\"text-align: left;\"><span style=\"color: #000000;\">En todas las fases de la atenci\u00f3n se har\u00e1 un monitoreo de los eventos adversos que puedan resultar, y har\u00e1 la gesti\u00f3n de los mismos.<\/span><\/p>\n<h3 style=\"text-align: left;\"><span style=\"color: #007970;\">Interacci\u00f3n del modelo<\/span><\/h3>\n<p style=\"text-align: left;\"><span style=\"color: #000000;\">Con el fin de garantizar la integralidad y la complementariedad en la prestaci\u00f3n del servicio, dentro del proceso de atenci\u00f3n se puede presentar la necesidad de solicitud de interconsultas a otros m\u00e9dicos o especialidades, o puede requerirse la necesidad de referencia de pacientes a otra instituci\u00f3n ya sea para continuar un manejo o realizar un examen o procedimiento con el que no se cuenta en nuestra Instituci\u00f3n<\/span><\/p>\n<p style=\"text-align: left;\"><span style=\"color: #000000;\">En el caso de la interconsulta, se define que el tiempo de respuesta si la consulta es urgente, es de 30 minutos, si es ordinaria, 24 horas.<\/span><\/p>\n<p style=\"text-align: left;\"><span style=\"color: #000000;\">Si se debe hacer referencia del paciente, este debe de hacerse de acuerdo a lo estipulado en el contrato de prestaci\u00f3n de servicios, desarrollando el proceso de com\u00fan acuerdo entre las partes, y asegurando que el paciente ingrese al sitio de referencia asignado.<\/span><\/p>\n ","protected":false},"excerpt":{"rendered":"<p>DEFINICI\u00d3N DE SALUD: &#8220;Salud es el estado del completo bienestar f\u00edsico, mental y social y no solamente la ausencia de enfermedad&#8221; (definici\u00f3n de la OMS) DEFINICI\u00d3N DE ATENCI\u00d3N EN SALUD: El presente documento adopta la definici\u00f3n de atenci\u00f3n en salud, establecida en la Pol\u00edtica de Seguridad del Paciente propuesta por el Ministerio de la Protecci\u00f3n [&hellip;]<\/p>\n","protected":false},"author":1,"featured_media":0,"parent":0,"menu_order":0,"comment_status":"closed","ping_status":"closed","template":"","meta":{"_cbd_carousel_blocks":"[]","footnotes":""},"class_list":["post-68","page","type-page","status-publish","hentry"],"yoast_head":"<!-- This site is optimized with the Yoast SEO plugin v27.5 - https:\/\/yoast.com\/product\/yoast-seo-wordpress\/ -->\n<title>Modelo de Atenci\u00f3n - Fundaci&oacute;n San Jos&eacute; Buga<\/title>\n<meta name=\"robots\" content=\"index, follow, max-snippet:-1, max-image-preview:large, max-video-preview:-1\" \/>\n<link rel=\"canonical\" href=\"https:\/\/www.fsjb.org\/web\/?page_id=68\" \/>\n<meta property=\"og:locale\" content=\"es_ES\" \/>\n<meta property=\"og:type\" content=\"article\" \/>\n<meta property=\"og:title\" content=\"Modelo de Atenci\u00f3n - Fundaci&oacute;n San Jos&eacute; Buga\" \/>\n<meta property=\"og:description\" content=\"DEFINICI\u00d3N DE SALUD: &#8220;Salud es el estado del completo bienestar f\u00edsico, mental y social y no solamente la ausencia de enfermedad&#8221; (definici\u00f3n de la OMS) DEFINICI\u00d3N DE ATENCI\u00d3N EN SALUD: El presente documento adopta la definici\u00f3n de atenci\u00f3n en salud, establecida en la Pol\u00edtica de Seguridad del Paciente propuesta por el Ministerio de la Protecci\u00f3n [&hellip;]\" \/>\n<meta property=\"og:url\" content=\"https:\/\/www.fsjb.org\/web\/?page_id=68\" \/>\n<meta property=\"og:site_name\" content=\"Fundaci&oacute;n San Jos&eacute; Buga\" \/>\n<meta property=\"article:publisher\" content=\"https:\/\/www.facebook.com\/fundacionsanjosebuga\/\" \/>\n<meta property=\"article:modified_time\" content=\"2018-08-14T19:43:56+00:00\" \/>\n<meta name=\"twitter:card\" content=\"summary_large_image\" \/>\n<meta name=\"twitter:label1\" content=\"Tiempo de lectura\" \/>\n\t<meta name=\"twitter:data1\" content=\"7 minutos\" \/>\n<script type=\"application\/ld+json\" class=\"yoast-schema-graph\">{\"@context\":\"https:\\\/\\\/schema.org\",\"@graph\":[{\"@type\":\"WebPage\",\"@id\":\"https:\\\/\\\/www.fsjb.org\\\/web\\\/?page_id=68\",\"url\":\"https:\\\/\\\/www.fsjb.org\\\/web\\\/?page_id=68\",\"name\":\"Modelo de Atenci\u00f3n - Fundaci&oacute;n San Jos&eacute; Buga\",\"isPartOf\":{\"@id\":\"https:\\\/\\\/www.fsjb.org\\\/web\\\/#website\"},\"datePublished\":\"2018-05-07T19:22:19+00:00\",\"dateModified\":\"2018-08-14T19:43:56+00:00\",\"breadcrumb\":{\"@id\":\"https:\\\/\\\/www.fsjb.org\\\/web\\\/?page_id=68#breadcrumb\"},\"inLanguage\":\"es\",\"potentialAction\":[{\"@type\":\"ReadAction\",\"target\":[\"https:\\\/\\\/www.fsjb.org\\\/web\\\/?page_id=68\"]}]},{\"@type\":\"BreadcrumbList\",\"@id\":\"https:\\\/\\\/www.fsjb.org\\\/web\\\/?page_id=68#breadcrumb\",\"itemListElement\":[{\"@type\":\"ListItem\",\"position\":1,\"name\":\"Portada\",\"item\":\"https:\\\/\\\/www.fsjb.org\\\/web\\\/\"},{\"@type\":\"ListItem\",\"position\":2,\"name\":\"Modelo de Atenci\u00f3n\"}]},{\"@type\":\"WebSite\",\"@id\":\"https:\\\/\\\/www.fsjb.org\\\/web\\\/#website\",\"url\":\"https:\\\/\\\/www.fsjb.org\\\/web\\\/\",\"name\":\"Fundaci\u00f3n San Jos\u00e9 Buga\",\"description\":\"Pagina web\",\"publisher\":{\"@id\":\"https:\\\/\\\/www.fsjb.org\\\/web\\\/#organization\"},\"potentialAction\":[{\"@type\":\"SearchAction\",\"target\":{\"@type\":\"EntryPoint\",\"urlTemplate\":\"https:\\\/\\\/www.fsjb.org\\\/web\\\/?s={search_term_string}\"},\"query-input\":{\"@type\":\"PropertyValueSpecification\",\"valueRequired\":true,\"valueName\":\"search_term_string\"}}],\"inLanguage\":\"es\"},{\"@type\":\"Organization\",\"@id\":\"https:\\\/\\\/www.fsjb.org\\\/web\\\/#organization\",\"name\":\"Fundaci\u00f3n San Jos\u00e9 Buga\",\"url\":\"https:\\\/\\\/www.fsjb.org\\\/web\\\/\",\"logo\":{\"@type\":\"ImageObject\",\"inLanguage\":\"es\",\"@id\":\"https:\\\/\\\/www.fsjb.org\\\/web\\\/#\\\/schema\\\/logo\\\/image\\\/\",\"url\":\"https:\\\/\\\/www.fsjb.org\\\/web\\\/wp-content\\\/uploads\\\/logo-n.png\",\"contentUrl\":\"https:\\\/\\\/www.fsjb.org\\\/web\\\/wp-content\\\/uploads\\\/logo-n.png\",\"width\":208,\"height\":166,\"caption\":\"Fundaci\u00f3n San Jos\u00e9 Buga\"},\"image\":{\"@id\":\"https:\\\/\\\/www.fsjb.org\\\/web\\\/#\\\/schema\\\/logo\\\/image\\\/\"},\"sameAs\":[\"https:\\\/\\\/www.facebook.com\\\/fundacionsanjosebuga\\\/\",\"https:\\\/\\\/co.linkedin.com\\\/company\\\/fsjb\"]}]}<\/script>\n<!-- \/ Yoast SEO plugin. -->","yoast_head_json":{"title":"Modelo de Atenci\u00f3n - Fundaci&oacute;n San Jos&eacute; Buga","robots":{"index":"index","follow":"follow","max-snippet":"max-snippet:-1","max-image-preview":"max-image-preview:large","max-video-preview":"max-video-preview:-1"},"canonical":"https:\/\/www.fsjb.org\/web\/?page_id=68","og_locale":"es_ES","og_type":"article","og_title":"Modelo de Atenci\u00f3n - Fundaci&oacute;n San Jos&eacute; Buga","og_description":"DEFINICI\u00d3N DE SALUD: &#8220;Salud es el estado del completo bienestar f\u00edsico, mental y social y no solamente la ausencia de enfermedad&#8221; (definici\u00f3n de la OMS) DEFINICI\u00d3N DE ATENCI\u00d3N EN SALUD: El presente documento adopta la definici\u00f3n de atenci\u00f3n en salud, establecida en la Pol\u00edtica de Seguridad del Paciente propuesta por el Ministerio de la Protecci\u00f3n [&hellip;]","og_url":"https:\/\/www.fsjb.org\/web\/?page_id=68","og_site_name":"Fundaci&oacute;n San Jos&eacute; Buga","article_publisher":"https:\/\/www.facebook.com\/fundacionsanjosebuga\/","article_modified_time":"2018-08-14T19:43:56+00:00","twitter_card":"summary_large_image","twitter_misc":{"Tiempo de lectura":"7 minutos"},"schema":{"@context":"https:\/\/schema.org","@graph":[{"@type":"WebPage","@id":"https:\/\/www.fsjb.org\/web\/?page_id=68","url":"https:\/\/www.fsjb.org\/web\/?page_id=68","name":"Modelo de Atenci\u00f3n - Fundaci&oacute;n San Jos&eacute; Buga","isPartOf":{"@id":"https:\/\/www.fsjb.org\/web\/#website"},"datePublished":"2018-05-07T19:22:19+00:00","dateModified":"2018-08-14T19:43:56+00:00","breadcrumb":{"@id":"https:\/\/www.fsjb.org\/web\/?page_id=68#breadcrumb"},"inLanguage":"es","potentialAction":[{"@type":"ReadAction","target":["https:\/\/www.fsjb.org\/web\/?page_id=68"]}]},{"@type":"BreadcrumbList","@id":"https:\/\/www.fsjb.org\/web\/?page_id=68#breadcrumb","itemListElement":[{"@type":"ListItem","position":1,"name":"Portada","item":"https:\/\/www.fsjb.org\/web\/"},{"@type":"ListItem","position":2,"name":"Modelo de Atenci\u00f3n"}]},{"@type":"WebSite","@id":"https:\/\/www.fsjb.org\/web\/#website","url":"https:\/\/www.fsjb.org\/web\/","name":"Fundaci\u00f3n San Jos\u00e9 Buga","description":"Pagina web","publisher":{"@id":"https:\/\/www.fsjb.org\/web\/#organization"},"potentialAction":[{"@type":"SearchAction","target":{"@type":"EntryPoint","urlTemplate":"https:\/\/www.fsjb.org\/web\/?s={search_term_string}"},"query-input":{"@type":"PropertyValueSpecification","valueRequired":true,"valueName":"search_term_string"}}],"inLanguage":"es"},{"@type":"Organization","@id":"https:\/\/www.fsjb.org\/web\/#organization","name":"Fundaci\u00f3n San Jos\u00e9 Buga","url":"https:\/\/www.fsjb.org\/web\/","logo":{"@type":"ImageObject","inLanguage":"es","@id":"https:\/\/www.fsjb.org\/web\/#\/schema\/logo\/image\/","url":"https:\/\/www.fsjb.org\/web\/wp-content\/uploads\/logo-n.png","contentUrl":"https:\/\/www.fsjb.org\/web\/wp-content\/uploads\/logo-n.png","width":208,"height":166,"caption":"Fundaci\u00f3n San Jos\u00e9 Buga"},"image":{"@id":"https:\/\/www.fsjb.org\/web\/#\/schema\/logo\/image\/"},"sameAs":["https:\/\/www.facebook.com\/fundacionsanjosebuga\/","https:\/\/co.linkedin.com\/company\/fsjb"]}]}},"_links":{"self":[{"href":"https:\/\/www.fsjb.org\/web\/index.php?rest_route=\/wp\/v2\/pages\/68","targetHints":{"allow":["GET"]}}],"collection":[{"href":"https:\/\/www.fsjb.org\/web\/index.php?rest_route=\/wp\/v2\/pages"}],"about":[{"href":"https:\/\/www.fsjb.org\/web\/index.php?rest_route=\/wp\/v2\/types\/page"}],"author":[{"embeddable":true,"href":"https:\/\/www.fsjb.org\/web\/index.php?rest_route=\/wp\/v2\/users\/1"}],"replies":[{"embeddable":true,"href":"https:\/\/www.fsjb.org\/web\/index.php?rest_route=%2Fwp%2Fv2%2Fcomments&post=68"}],"version-history":[{"count":0,"href":"https:\/\/www.fsjb.org\/web\/index.php?rest_route=\/wp\/v2\/pages\/68\/revisions"}],"wp:attachment":[{"href":"https:\/\/www.fsjb.org\/web\/index.php?rest_route=%2Fwp%2Fv2%2Fmedia&parent=68"}],"curies":[{"name":"wp","href":"https:\/\/api.w.org\/{rel}","templated":true}]}}