{"id":45,"date":"2018-05-07T19:15:52","date_gmt":"2018-05-07T19:15:52","guid":{"rendered":"http:\/\/localhost\/?page_id=45"},"modified":"2018-08-14T19:36:34","modified_gmt":"2018-08-14T19:36:34","slug":"resena-historica","status":"publish","type":"page","link":"https:\/\/www.fsjb.org\/web\/?page_id=45","title":{"rendered":"Rese\u00f1a Hist\u00f3rica"},"content":{"rendered":"<p style=\"text-align: left;\">La Fundaci\u00f3n Hospital San Jos\u00e9 de Buga es una instituci\u00f3n dedicada a la prestaci\u00f3n de servicios de salud de car\u00e1cter Fundacional sin \u00e1nimo de lucro y de origen privado, de beneficio social en el sector de la salud, reglamentada por el Sistema General de Seguridad Social Integral en Salud de Colombia y sus propios Estatutos. Su sede de operaci\u00f3n se encuentra ubicada en el centro departamento del Valle del Cauca en el norte de la ciudad de Guadalajara de Buga, en la carrera 8 N\u00b0 17-52.<\/p>\n<p style=\"text-align: left;\">La empresa se encuentra legalmente constituida por escritura p\u00fablica No. 133 del 28 de abril de 1903 otorgada ante la Notaria Primera del C\u00edrculo de Buga, reconoci\u00e9ndole el 11 de Marzo de 1903 personer\u00eda jur\u00eddica por el Ministerio del Interior y de Justicia. Tiene como objetivo prestar servicios de salud en la mediana y alta complejidad dentro de los par\u00e1metros y principios se\u00f1alados en la Ley 100 de 1993, Ley 1122 de 2007, Decreto 1011 de 2006 por medio del cual se reglamenta el Sistema Obligatorio de Garant\u00eda de Calidad de la Atenci\u00f3n de Salud del Sistema General de Seguridad Social en Salud y dem\u00e1s normas que lo reglamentan.<\/p>\n<p style=\"text-align: left;\">La Fundaci\u00f3n Hospital San Jos\u00e9 de Buga ha tenido tres grandes \u00e9pocas en el desarrollo de su vida institucional:<\/p>\n<p><img decoding=\"async\" class=\"alignright\" src=\"https:\/\/www.fhsjb.org\/web\/images\/historia1.jpg\" alt=\"Doctor Angel Cuadros\" \/><\/p>\n<p style=\"text-align: left;\"><span style=\"color: #007970;\"><strong>1890-1974<\/strong>:<\/span> Se remonta a los or\u00edgenes de la Fundaci\u00f3n donde un grupo de distinguidos hombres de la sociedad Bugue\u00f1a, entre los que se cuentan el Presb\u00edtero V\u00edctor Saavedra como Presidente de la Junta Directiva, Carlos Doronsoro, Sergio Cabal, Cayetano Rengifo, \u00c1ngel Cuadros, Leonardo Tasc\u00f3n y Belisario Losada impulsaron su creaci\u00f3n, obra que finaliz\u00f3 en 1900 con un costo aproximado de Doce ($12) Millones de Pesos. En a\u00f1o 1974 se inicio la construcci\u00f3n del nuevo hospital la cual constaba de un \u00e1rea de urgencias con 4 consultorios, un \u00e1rea de procedimientos, 4 camas de observaci\u00f3n, una sala de espera y una sala de descanso medico. Este servicio estaba concebido para atender un \u00e1rea limitada en Buga, y una zona de influencia muy delimitada es decir, su \u00e1rea de influencia: Yotoco, Calima-Dari\u00e9n, Guacar\u00ed y San Pedro.<\/p>\n<p><img decoding=\"async\" class=\"alignright\" src=\"https:\/\/www.fhsjb.org\/web\/images\/historia2.jpg\" alt=\"Panor\u00c3\u00a1mica A\u00c3\u00a9rea\" \/><\/p>\n<p style=\"text-align: left;\"><strong><span style=\"color: #007970;\">1975-1990:<\/span><\/strong> Esta \u00e9poca se caracteriza por las limitaciones de la entidad para atender a una poblaci\u00f3n en aumento con una planta f\u00edsica en deterioro y la necesidad de adecuarse a los nuevos retos de la medicina. Es as\u00ed como se inicia la modernizaci\u00f3n de la planta f\u00edsica, obra que finaliza en 1979 por un valor aproximado de ($89.140.657) Pesos. Respecto de las exigencias en materia de salud en 1967 la Fundaci\u00f3n entra a formar parte del Plan Hospitalario Nacional, denomin\u00e1ndose Distrito Integrado de Salud P\u00fablica. En 1975 en virtud del Decreto Ley 056 que conforma el Sistema Nacional de Salud, la Fundaci\u00f3n es Vinculada asumiendo las funciones de Sede de la Unidad Regional de Buga. El 26 de Marzo de 1980 es reconocida como Ente privado por la Corte Suprema de Justicia. Finalmente dando cumplimiento a lo dispuesto en la Ley 10 de 1990 que estructura el Sistema Nacional de Salud, se le asigna a la Fundaci\u00f3n la responsabilidad de atenci\u00f3n de los servicios de salud en el nivel I. Hasta el a\u00f1o 1972 el servicio de urgencias estaba compuesto por dos salas de construcci\u00f3n antigua en las cuales se realizaban las consultas y los procedimientos simult\u00e1neamente, no exist\u00eda \u00e1rea de observaci\u00f3n.<\/p>\n<p style=\"text-align: left;\"><span style=\"color: #007970;\"><strong>1992 &#8211; 2008<\/strong>:<\/span> En 1992 se crearon los Distritos Integrados de Salud en el Departamento del Valle del Cauca, la Fundaci\u00f3n por tanto no es m\u00e1s sede de la Unidad Regional de Buga. En 1993, Para el a\u00f1o 1994 el servicio de urgencias se consider\u00f3 insuficiente y anti funcional, lo que oblig\u00f3 a una remodelaci\u00f3n, que se dio al servicio en el a\u00f1o 1995, la cual sirvi\u00f3 para mejorar la capacidad de respuesta ante la demanda de la \u00e9poca. Esta remodelaci\u00f3n se proyect\u00f3 inicialmente para que diera respuesta a las necesidades de la regi\u00f3n durante 30 a\u00f1os, lamentablemente en la actualidad la capacidad de la infraestructura est\u00e1 por debajo de la demanda espont\u00e1nea, por lo cual, se ha generado la necesidad de evaluar y proponer un plan de remodelaci\u00f3n para el \u00e1rea de Urgencias de la Fundaci\u00f3n Hospital San Jos\u00e9 de Buga, ajustado a las necesidades de los usuarios y a los objetivos financieros de la Instituci\u00f3n, con el objetivo de brindar un servicio de Urgencias m\u00e1s amable, c\u00f3modo, \u00e1gil y moderno, proporcionando una atenci\u00f3n inmediata e integral, priorizando la atenci\u00f3n de acuerdo al estado del paciente. En virtud de la Ley 60, se reciben transferencias del Situado Fiscal asumiendo la responsabilidad de atenci\u00f3n del nivel I a partir del 1 de Noviembre de 1995.<\/p>\n<p style=\"text-align: left;\">En 1998 la entidad agudiza su crisis financiera, acogi\u00e9ndose en 1999 a la figura del Concordato firmando Acuerdo de Pago de las Acreencias Concordatarias y Post-Concordatarias en Julio de 2002 estando a\u00fan vigente. As\u00ed mismo se inicia la construcci\u00f3n de la Unidad de Cuidados Intensivos, obra que concluye en Junio de 2003. En Marzo de 2004 se inaugura la Unidad Renal, para el mismo a\u00f1o se realiza remodelaci\u00f3n de las \u00e1reas de Ginecolog\u00eda, Pediatr\u00eda y construcci\u00f3n de la Unidad de Cuidado Intensivo Neonatal la cual inicia actividades en septiembre de 2005.<\/p>\n<p style=\"text-align: left;\">En el a\u00f1o 2008 la Junta Directiva de la instituci\u00f3n recurre a los m\u00e1s de 50 a\u00f1os de experiencia de la caja de compensaci\u00f3n Familiar Comfenalco Valle suscribiendo un contrato de administraci\u00f3n delegada para que Comfenalco Valle gestione, opere, direccione, administre y comercialice los servicios y productos de la instituci\u00f3n, con todos los recursos disponibles (humanos, t\u00e9cnicos y financieros). De esta forma, la Fundaci\u00f3n Hospital San Jos\u00e9 de Buga viene sometida a un proceso de transformaci\u00f3n profunda desde el punto de vista Administrativo-Financiero y Asistencial, arrojando en los primeros veinticuatro meses de administraci\u00f3n delegada a cargo de Comfenalco Valle, una serie de resultados halagadores, que avizoran un panorama despejado en t\u00e9rminos de su viabilidad t\u00e9cnica y financiera.<\/p>\n<p><img decoding=\"async\" class=\"alignleft\" src=\"https:\/\/www.fhsjb.org\/web\/images\/historia3.jpg\" alt=\"Portada Actual\" \/><\/p>\n<p style=\"text-align: left;\">Las alianzas estrat\u00e9gicas para los servicios de Unidad de Cuidados Intensivos, Unidad de Cuidados Intermedios, UCI neonatal, adelantadas en los \u00faltimos siete a\u00f1os fueron objeto de revisi\u00f3n y ajuste, logrando mejores resultados de rentabilidad y mayor calidad en la prestaci\u00f3n de los servicios. Se establecieron otras como Imagenolog\u00eda, Laboratorio Cl\u00ednico, Urolog\u00eda, Cardiolog\u00eda y se encuentran en proceso de implementaci\u00f3n las de los servicios de Alimentaci\u00f3n y Aseo.<\/p>\n<p style=\"text-align: left;\">Estamos prestando nuevos servicios en las \u00e1reas de Neurocirug\u00eda, Cirug\u00eda Vascular, Atenci\u00f3n Domiciliaria (Home Care), cirug\u00eda laparosc\u00f3pica y pr\u00f3ximamente estaremos ofreciendo a Buga y su zona de influencia los servicios de Hemodinamia, Unidad de Cuidados Coronarios (12 camas) y cirug\u00eda cardiovascular.<\/p>\n ","protected":false},"excerpt":{"rendered":"<p>La Fundaci\u00f3n Hospital San Jos\u00e9 de Buga es una instituci\u00f3n dedicada a la prestaci\u00f3n de servicios de salud de car\u00e1cter Fundacional sin \u00e1nimo de lucro y de origen privado, de beneficio social en el sector de la salud, reglamentada por el Sistema General de Seguridad Social Integral en Salud de Colombia y sus propios Estatutos. [&hellip;]<\/p>\n","protected":false},"author":1,"featured_media":0,"parent":0,"menu_order":0,"comment_status":"closed","ping_status":"closed","template":"","meta":{"_cbd_carousel_blocks":"[]","footnotes":""},"class_list":["post-45","page","type-page","status-publish","hentry"],"yoast_head":"<!-- This site is optimized with the Yoast SEO plugin v27.5 - https:\/\/yoast.com\/product\/yoast-seo-wordpress\/ -->\n<title>Rese\u00f1a Hist\u00f3rica - Fundaci&oacute;n San Jos&eacute; Buga<\/title>\n<meta name=\"robots\" content=\"index, follow, max-snippet:-1, max-image-preview:large, max-video-preview:-1\" \/>\n<link rel=\"canonical\" href=\"https:\/\/www.fsjb.org\/web\/?page_id=45\" \/>\n<meta property=\"og:locale\" content=\"es_ES\" \/>\n<meta property=\"og:type\" content=\"article\" \/>\n<meta property=\"og:title\" content=\"Rese\u00f1a Hist\u00f3rica - Fundaci&oacute;n San Jos&eacute; Buga\" \/>\n<meta property=\"og:description\" content=\"La Fundaci\u00f3n Hospital San Jos\u00e9 de Buga es una instituci\u00f3n dedicada a la prestaci\u00f3n de servicios de salud de car\u00e1cter Fundacional sin \u00e1nimo de lucro y de origen privado, de beneficio social en el sector de la salud, reglamentada por el Sistema General de Seguridad Social Integral en Salud de Colombia y sus propios Estatutos. [&hellip;]\" \/>\n<meta property=\"og:url\" content=\"https:\/\/www.fsjb.org\/web\/?page_id=45\" \/>\n<meta property=\"og:site_name\" content=\"Fundaci&oacute;n San Jos&eacute; Buga\" \/>\n<meta property=\"article:publisher\" content=\"https:\/\/www.facebook.com\/fundacionsanjosebuga\/\" \/>\n<meta property=\"article:modified_time\" content=\"2018-08-14T19:36:34+00:00\" \/>\n<meta property=\"og:image\" content=\"https:\/\/www.fhsjb.org\/web\/images\/historia1.jpg\" \/>\n<meta name=\"twitter:card\" content=\"summary_large_image\" \/>\n<meta name=\"twitter:label1\" content=\"Tiempo de lectura\" \/>\n\t<meta name=\"twitter:data1\" content=\"6 minutos\" \/>\n<script type=\"application\/ld+json\" class=\"yoast-schema-graph\">{\"@context\":\"https:\\\/\\\/schema.org\",\"@graph\":[{\"@type\":\"WebPage\",\"@id\":\"https:\\\/\\\/www.fsjb.org\\\/web\\\/?page_id=45\",\"url\":\"https:\\\/\\\/www.fsjb.org\\\/web\\\/?page_id=45\",\"name\":\"Rese\u00f1a Hist\u00f3rica - Fundaci&oacute;n San Jos&eacute; Buga\",\"isPartOf\":{\"@id\":\"https:\\\/\\\/www.fsjb.org\\\/web\\\/#website\"},\"primaryImageOfPage\":{\"@id\":\"https:\\\/\\\/www.fsjb.org\\\/web\\\/?page_id=45#primaryimage\"},\"image\":{\"@id\":\"https:\\\/\\\/www.fsjb.org\\\/web\\\/?page_id=45#primaryimage\"},\"thumbnailUrl\":\"https:\\\/\\\/www.fhsjb.org\\\/web\\\/images\\\/historia1.jpg\",\"datePublished\":\"2018-05-07T19:15:52+00:00\",\"dateModified\":\"2018-08-14T19:36:34+00:00\",\"breadcrumb\":{\"@id\":\"https:\\\/\\\/www.fsjb.org\\\/web\\\/?page_id=45#breadcrumb\"},\"inLanguage\":\"es\",\"potentialAction\":[{\"@type\":\"ReadAction\",\"target\":[\"https:\\\/\\\/www.fsjb.org\\\/web\\\/?page_id=45\"]}]},{\"@type\":\"ImageObject\",\"inLanguage\":\"es\",\"@id\":\"https:\\\/\\\/www.fsjb.org\\\/web\\\/?page_id=45#primaryimage\",\"url\":\"https:\\\/\\\/www.fhsjb.org\\\/web\\\/images\\\/historia1.jpg\",\"contentUrl\":\"https:\\\/\\\/www.fhsjb.org\\\/web\\\/images\\\/historia1.jpg\"},{\"@type\":\"BreadcrumbList\",\"@id\":\"https:\\\/\\\/www.fsjb.org\\\/web\\\/?page_id=45#breadcrumb\",\"itemListElement\":[{\"@type\":\"ListItem\",\"position\":1,\"name\":\"Portada\",\"item\":\"https:\\\/\\\/www.fsjb.org\\\/web\\\/\"},{\"@type\":\"ListItem\",\"position\":2,\"name\":\"Rese\u00f1a Hist\u00f3rica\"}]},{\"@type\":\"WebSite\",\"@id\":\"https:\\\/\\\/www.fsjb.org\\\/web\\\/#website\",\"url\":\"https:\\\/\\\/www.fsjb.org\\\/web\\\/\",\"name\":\"Fundaci\u00f3n San Jos\u00e9 Buga\",\"description\":\"Pagina web\",\"publisher\":{\"@id\":\"https:\\\/\\\/www.fsjb.org\\\/web\\\/#organization\"},\"potentialAction\":[{\"@type\":\"SearchAction\",\"target\":{\"@type\":\"EntryPoint\",\"urlTemplate\":\"https:\\\/\\\/www.fsjb.org\\\/web\\\/?s={search_term_string}\"},\"query-input\":{\"@type\":\"PropertyValueSpecification\",\"valueRequired\":true,\"valueName\":\"search_term_string\"}}],\"inLanguage\":\"es\"},{\"@type\":\"Organization\",\"@id\":\"https:\\\/\\\/www.fsjb.org\\\/web\\\/#organization\",\"name\":\"Fundaci\u00f3n San Jos\u00e9 Buga\",\"url\":\"https:\\\/\\\/www.fsjb.org\\\/web\\\/\",\"logo\":{\"@type\":\"ImageObject\",\"inLanguage\":\"es\",\"@id\":\"https:\\\/\\\/www.fsjb.org\\\/web\\\/#\\\/schema\\\/logo\\\/image\\\/\",\"url\":\"https:\\\/\\\/www.fsjb.org\\\/web\\\/wp-content\\\/uploads\\\/logo-n.png\",\"contentUrl\":\"https:\\\/\\\/www.fsjb.org\\\/web\\\/wp-content\\\/uploads\\\/logo-n.png\",\"width\":208,\"height\":166,\"caption\":\"Fundaci\u00f3n San Jos\u00e9 Buga\"},\"image\":{\"@id\":\"https:\\\/\\\/www.fsjb.org\\\/web\\\/#\\\/schema\\\/logo\\\/image\\\/\"},\"sameAs\":[\"https:\\\/\\\/www.facebook.com\\\/fundacionsanjosebuga\\\/\",\"https:\\\/\\\/co.linkedin.com\\\/company\\\/fsjb\"]}]}<\/script>\n<!-- \/ Yoast SEO plugin. -->","yoast_head_json":{"title":"Rese\u00f1a Hist\u00f3rica - Fundaci&oacute;n San Jos&eacute; Buga","robots":{"index":"index","follow":"follow","max-snippet":"max-snippet:-1","max-image-preview":"max-image-preview:large","max-video-preview":"max-video-preview:-1"},"canonical":"https:\/\/www.fsjb.org\/web\/?page_id=45","og_locale":"es_ES","og_type":"article","og_title":"Rese\u00f1a Hist\u00f3rica - Fundaci&oacute;n San Jos&eacute; Buga","og_description":"La Fundaci\u00f3n Hospital San Jos\u00e9 de Buga es una instituci\u00f3n dedicada a la prestaci\u00f3n de servicios de salud de car\u00e1cter Fundacional sin \u00e1nimo de lucro y de origen privado, de beneficio social en el sector de la salud, reglamentada por el Sistema General de Seguridad Social Integral en Salud de Colombia y sus propios Estatutos. [&hellip;]","og_url":"https:\/\/www.fsjb.org\/web\/?page_id=45","og_site_name":"Fundaci&oacute;n San Jos&eacute; Buga","article_publisher":"https:\/\/www.facebook.com\/fundacionsanjosebuga\/","article_modified_time":"2018-08-14T19:36:34+00:00","og_image":[{"url":"https:\/\/www.fhsjb.org\/web\/images\/historia1.jpg","type":"","width":"","height":""}],"twitter_card":"summary_large_image","twitter_misc":{"Tiempo de lectura":"6 minutos"},"schema":{"@context":"https:\/\/schema.org","@graph":[{"@type":"WebPage","@id":"https:\/\/www.fsjb.org\/web\/?page_id=45","url":"https:\/\/www.fsjb.org\/web\/?page_id=45","name":"Rese\u00f1a Hist\u00f3rica - Fundaci&oacute;n San Jos&eacute; Buga","isPartOf":{"@id":"https:\/\/www.fsjb.org\/web\/#website"},"primaryImageOfPage":{"@id":"https:\/\/www.fsjb.org\/web\/?page_id=45#primaryimage"},"image":{"@id":"https:\/\/www.fsjb.org\/web\/?page_id=45#primaryimage"},"thumbnailUrl":"https:\/\/www.fhsjb.org\/web\/images\/historia1.jpg","datePublished":"2018-05-07T19:15:52+00:00","dateModified":"2018-08-14T19:36:34+00:00","breadcrumb":{"@id":"https:\/\/www.fsjb.org\/web\/?page_id=45#breadcrumb"},"inLanguage":"es","potentialAction":[{"@type":"ReadAction","target":["https:\/\/www.fsjb.org\/web\/?page_id=45"]}]},{"@type":"ImageObject","inLanguage":"es","@id":"https:\/\/www.fsjb.org\/web\/?page_id=45#primaryimage","url":"https:\/\/www.fhsjb.org\/web\/images\/historia1.jpg","contentUrl":"https:\/\/www.fhsjb.org\/web\/images\/historia1.jpg"},{"@type":"BreadcrumbList","@id":"https:\/\/www.fsjb.org\/web\/?page_id=45#breadcrumb","itemListElement":[{"@type":"ListItem","position":1,"name":"Portada","item":"https:\/\/www.fsjb.org\/web\/"},{"@type":"ListItem","position":2,"name":"Rese\u00f1a Hist\u00f3rica"}]},{"@type":"WebSite","@id":"https:\/\/www.fsjb.org\/web\/#website","url":"https:\/\/www.fsjb.org\/web\/","name":"Fundaci\u00f3n San Jos\u00e9 Buga","description":"Pagina web","publisher":{"@id":"https:\/\/www.fsjb.org\/web\/#organization"},"potentialAction":[{"@type":"SearchAction","target":{"@type":"EntryPoint","urlTemplate":"https:\/\/www.fsjb.org\/web\/?s={search_term_string}"},"query-input":{"@type":"PropertyValueSpecification","valueRequired":true,"valueName":"search_term_string"}}],"inLanguage":"es"},{"@type":"Organization","@id":"https:\/\/www.fsjb.org\/web\/#organization","name":"Fundaci\u00f3n San Jos\u00e9 Buga","url":"https:\/\/www.fsjb.org\/web\/","logo":{"@type":"ImageObject","inLanguage":"es","@id":"https:\/\/www.fsjb.org\/web\/#\/schema\/logo\/image\/","url":"https:\/\/www.fsjb.org\/web\/wp-content\/uploads\/logo-n.png","contentUrl":"https:\/\/www.fsjb.org\/web\/wp-content\/uploads\/logo-n.png","width":208,"height":166,"caption":"Fundaci\u00f3n San Jos\u00e9 Buga"},"image":{"@id":"https:\/\/www.fsjb.org\/web\/#\/schema\/logo\/image\/"},"sameAs":["https:\/\/www.facebook.com\/fundacionsanjosebuga\/","https:\/\/co.linkedin.com\/company\/fsjb"]}]}},"_links":{"self":[{"href":"https:\/\/www.fsjb.org\/web\/index.php?rest_route=\/wp\/v2\/pages\/45","targetHints":{"allow":["GET"]}}],"collection":[{"href":"https:\/\/www.fsjb.org\/web\/index.php?rest_route=\/wp\/v2\/pages"}],"about":[{"href":"https:\/\/www.fsjb.org\/web\/index.php?rest_route=\/wp\/v2\/types\/page"}],"author":[{"embeddable":true,"href":"https:\/\/www.fsjb.org\/web\/index.php?rest_route=\/wp\/v2\/users\/1"}],"replies":[{"embeddable":true,"href":"https:\/\/www.fsjb.org\/web\/index.php?rest_route=%2Fwp%2Fv2%2Fcomments&post=45"}],"version-history":[{"count":0,"href":"https:\/\/www.fsjb.org\/web\/index.php?rest_route=\/wp\/v2\/pages\/45\/revisions"}],"wp:attachment":[{"href":"https:\/\/www.fsjb.org\/web\/index.php?rest_route=%2Fwp%2Fv2%2Fmedia&parent=45"}],"curies":[{"name":"wp","href":"https:\/\/api.w.org\/{rel}","templated":true}]}}