{"id":114,"date":"2018-05-07T19:26:54","date_gmt":"2018-05-07T19:26:54","guid":{"rendered":"http:\/\/localhost\/?page_id=114"},"modified":"2018-08-14T20:44:26","modified_gmt":"2018-08-14T20:44:26","slug":"decalogo-del-buen-servicio","status":"publish","type":"page","link":"https:\/\/www.fsjb.org\/web\/?page_id=114","title":{"rendered":"Dec\u00e1logo del Buen Servicio"},"content":{"rendered":"<h1><span style=\"color: #007970;\">LOS 10 MANDAMIENTOS PARA UN SERVICIO DE EXCELENCIA Y LA CONSERVACI\u00d3N DE LOS PACIENTES<\/span><\/h1>\n<ol>\n<li><span style=\"color: #000000;\">El paciente es la persona m\u00e1s importante en la Instituci\u00f3n<\/span><\/li>\n<li><span style=\"color: #000000;\">El paciente no depende de nosotros, nosotros dependemos del cliente. Nosotros trabajamos para nuestros clientes.<\/span><\/li>\n<li><span style=\"color: #000000;\">El paciente o usuario no interrumpe nuestro trabajo, sino que es el prop\u00f3sito de nuestro trabajo.<\/span><\/li>\n<li><span style=\"color: #000000;\">El paciente nos hace un favor en visitarnos o llamarnos. Nosotros no le hacemos ning\u00fan favor sirvi\u00e9ndolo, simplemente cumplimos nuestra Misi\u00f3n.<\/span><\/li>\n<li><span style=\"color: #000000;\">El paciente es parte de la Instituci\u00f3n.<\/span><\/li>\n<li><span style=\"color: #000000;\">El paciente no es fr\u00eda estad\u00edstica, sino persona con sentimientos y emociones, igual que Usted. Trate al paciente mejor de lo que desear\u00eda que a Usted lo trataran.<\/span><\/li>\n<li><span style=\"color: #000000;\">El paciente no es alguien con quien discutir o para ganarle con astucia.<\/span><\/li>\n<li><span style=\"color: #000000;\">Nuestro trabajo es satisfacer las necesidades, deseos y expectativas de los pacientes, disipar sus temores y resolver sus quejas.<\/span><\/li>\n<li><span style=\"color: #000000;\">El paciente merece que se le trate con la mayor atenci\u00f3n, cortes\u00eda y profesionalismo que Usted pueda brindarle.<\/span><\/li>\n<li><span style=\"color: #000000;\">El paciente es parte vital de Nuestra Instituci\u00f3n. Recordemos: sin Nuestros clientes, no tendr\u00edamos actividad laboral. Nosotros trabajamos para nuestra clientela.<\/span><\/li>\n<\/ol>\n<p><span style=\"color: #007970;\"><strong>MUY IMPORTANTE<\/strong><\/span><\/p>\n<p><strong><span style=\"color: #007970;\"><em>Lav\u00e1ndose las manos antes y despu\u00e9s de cada atenci\u00f3n comienza a brindar seguridad al paciente.<\/em><\/span><\/strong><\/p>\n<p>&nbsp;<\/p>\n<p><span style=\"color: #007970;\"><strong>POL\u00cdTICA DE SEGURIDAD DEL PACIENTE<\/strong><\/span><\/p>\n<p><span style=\"color: #000000;\">La seguridad del paciente se considera una prioridad en la actividad asistencial, cada vez m\u00e1s compleja, que entra\u00f1a riesgos potenciales y en la que no existe un sistema capaz de garantizar la ausencia de eventos adversos, ya que se trata de una actividad en la que se combinan factores inherentes al sistema con actuaciones humanas.<\/span><\/p>\n<p><span style=\"color: #000000;\">El Sistema Obligatorio de Garant\u00eda de Calidad de la Atenci\u00f3n en Salud imperante en Colombia impulsa una pol\u00edtica de seguridad del paciente, cuyo objetivo es prevenir la ocurrencia de situaciones que afecten la seguridad del paciente, reducir y si es posible eliminar la ocurrencia de eventos adversos.<\/span><\/p>\n<p><span style=\"color: #000000;\">La <strong>Fundaci\u00f3n Hospital San Jos\u00e9 de Buga<\/strong> se compromete a implementar una pol\u00edtica de seguridad cl\u00ednica, como estrategia indispensable para crear un entorno seguro y promover una transformaci\u00f3n cultural hacia una atenci\u00f3n centrada en la seguridad de los usuarios, su familia y los colaboradores de la instituci\u00f3n.<\/span><\/p>\n ","protected":false},"excerpt":{"rendered":"<p>LOS 10 MANDAMIENTOS PARA UN SERVICIO DE EXCELENCIA Y LA CONSERVACI\u00d3N DE LOS PACIENTES El paciente es la persona m\u00e1s importante en la Instituci\u00f3n El paciente no depende de nosotros, nosotros dependemos del cliente. Nosotros trabajamos para nuestros clientes. El paciente o usuario no interrumpe nuestro trabajo, sino que es el prop\u00f3sito de nuestro trabajo. [&hellip;]<\/p>\n","protected":false},"author":1,"featured_media":0,"parent":0,"menu_order":0,"comment_status":"closed","ping_status":"closed","template":"","meta":{"_cbd_carousel_blocks":"[]","footnotes":""},"class_list":["post-114","page","type-page","status-publish","hentry"],"yoast_head":"<!-- This site is optimized with the Yoast SEO plugin v27.5 - https:\/\/yoast.com\/product\/yoast-seo-wordpress\/ -->\n<title>Dec\u00e1logo del Buen Servicio - Fundaci&oacute;n San Jos&eacute; Buga<\/title>\n<meta name=\"robots\" content=\"index, follow, max-snippet:-1, max-image-preview:large, max-video-preview:-1\" \/>\n<link rel=\"canonical\" href=\"https:\/\/www.fsjb.org\/web\/?page_id=114\" \/>\n<meta property=\"og:locale\" content=\"es_ES\" \/>\n<meta property=\"og:type\" content=\"article\" \/>\n<meta property=\"og:title\" content=\"Dec\u00e1logo del Buen Servicio - Fundaci&oacute;n San Jos&eacute; Buga\" \/>\n<meta property=\"og:description\" content=\"LOS 10 MANDAMIENTOS PARA UN SERVICIO DE EXCELENCIA Y LA CONSERVACI\u00d3N DE LOS PACIENTES El paciente es la persona m\u00e1s importante en la Instituci\u00f3n El paciente no depende de nosotros, nosotros dependemos del cliente. Nosotros trabajamos para nuestros clientes. El paciente o usuario no interrumpe nuestro trabajo, sino que es el prop\u00f3sito de nuestro trabajo. [&hellip;]\" \/>\n<meta property=\"og:url\" content=\"https:\/\/www.fsjb.org\/web\/?page_id=114\" \/>\n<meta property=\"og:site_name\" content=\"Fundaci&oacute;n San Jos&eacute; Buga\" \/>\n<meta property=\"article:publisher\" content=\"https:\/\/www.facebook.com\/fundacionsanjosebuga\/\" \/>\n<meta property=\"article:modified_time\" content=\"2018-08-14T20:44:26+00:00\" \/>\n<meta name=\"twitter:card\" content=\"summary_large_image\" \/>\n<meta name=\"twitter:label1\" content=\"Tiempo de lectura\" \/>\n\t<meta name=\"twitter:data1\" content=\"2 minutos\" \/>\n<script type=\"application\/ld+json\" class=\"yoast-schema-graph\">{\"@context\":\"https:\\\/\\\/schema.org\",\"@graph\":[{\"@type\":\"WebPage\",\"@id\":\"https:\\\/\\\/www.fsjb.org\\\/web\\\/?page_id=114\",\"url\":\"https:\\\/\\\/www.fsjb.org\\\/web\\\/?page_id=114\",\"name\":\"Dec\u00e1logo del Buen Servicio - Fundaci&oacute;n San Jos&eacute; Buga\",\"isPartOf\":{\"@id\":\"https:\\\/\\\/www.fsjb.org\\\/web\\\/#website\"},\"datePublished\":\"2018-05-07T19:26:54+00:00\",\"dateModified\":\"2018-08-14T20:44:26+00:00\",\"breadcrumb\":{\"@id\":\"https:\\\/\\\/www.fsjb.org\\\/web\\\/?page_id=114#breadcrumb\"},\"inLanguage\":\"es\",\"potentialAction\":[{\"@type\":\"ReadAction\",\"target\":[\"https:\\\/\\\/www.fsjb.org\\\/web\\\/?page_id=114\"]}]},{\"@type\":\"BreadcrumbList\",\"@id\":\"https:\\\/\\\/www.fsjb.org\\\/web\\\/?page_id=114#breadcrumb\",\"itemListElement\":[{\"@type\":\"ListItem\",\"position\":1,\"name\":\"Portada\",\"item\":\"https:\\\/\\\/www.fsjb.org\\\/web\\\/\"},{\"@type\":\"ListItem\",\"position\":2,\"name\":\"Dec\u00e1logo del Buen Servicio\"}]},{\"@type\":\"WebSite\",\"@id\":\"https:\\\/\\\/www.fsjb.org\\\/web\\\/#website\",\"url\":\"https:\\\/\\\/www.fsjb.org\\\/web\\\/\",\"name\":\"Fundaci\u00f3n San Jos\u00e9 Buga\",\"description\":\"Pagina web\",\"publisher\":{\"@id\":\"https:\\\/\\\/www.fsjb.org\\\/web\\\/#organization\"},\"potentialAction\":[{\"@type\":\"SearchAction\",\"target\":{\"@type\":\"EntryPoint\",\"urlTemplate\":\"https:\\\/\\\/www.fsjb.org\\\/web\\\/?s={search_term_string}\"},\"query-input\":{\"@type\":\"PropertyValueSpecification\",\"valueRequired\":true,\"valueName\":\"search_term_string\"}}],\"inLanguage\":\"es\"},{\"@type\":\"Organization\",\"@id\":\"https:\\\/\\\/www.fsjb.org\\\/web\\\/#organization\",\"name\":\"Fundaci\u00f3n San Jos\u00e9 Buga\",\"url\":\"https:\\\/\\\/www.fsjb.org\\\/web\\\/\",\"logo\":{\"@type\":\"ImageObject\",\"inLanguage\":\"es\",\"@id\":\"https:\\\/\\\/www.fsjb.org\\\/web\\\/#\\\/schema\\\/logo\\\/image\\\/\",\"url\":\"https:\\\/\\\/www.fsjb.org\\\/web\\\/wp-content\\\/uploads\\\/logo-n.png\",\"contentUrl\":\"https:\\\/\\\/www.fsjb.org\\\/web\\\/wp-content\\\/uploads\\\/logo-n.png\",\"width\":208,\"height\":166,\"caption\":\"Fundaci\u00f3n San Jos\u00e9 Buga\"},\"image\":{\"@id\":\"https:\\\/\\\/www.fsjb.org\\\/web\\\/#\\\/schema\\\/logo\\\/image\\\/\"},\"sameAs\":[\"https:\\\/\\\/www.facebook.com\\\/fundacionsanjosebuga\\\/\",\"https:\\\/\\\/co.linkedin.com\\\/company\\\/fsjb\"]}]}<\/script>\n<!-- \/ Yoast SEO plugin. -->","yoast_head_json":{"title":"Dec\u00e1logo del Buen Servicio - Fundaci&oacute;n San Jos&eacute; Buga","robots":{"index":"index","follow":"follow","max-snippet":"max-snippet:-1","max-image-preview":"max-image-preview:large","max-video-preview":"max-video-preview:-1"},"canonical":"https:\/\/www.fsjb.org\/web\/?page_id=114","og_locale":"es_ES","og_type":"article","og_title":"Dec\u00e1logo del Buen Servicio - Fundaci&oacute;n San Jos&eacute; Buga","og_description":"LOS 10 MANDAMIENTOS PARA UN SERVICIO DE EXCELENCIA Y LA CONSERVACI\u00d3N DE LOS PACIENTES El paciente es la persona m\u00e1s importante en la Instituci\u00f3n El paciente no depende de nosotros, nosotros dependemos del cliente. Nosotros trabajamos para nuestros clientes. El paciente o usuario no interrumpe nuestro trabajo, sino que es el prop\u00f3sito de nuestro trabajo. [&hellip;]","og_url":"https:\/\/www.fsjb.org\/web\/?page_id=114","og_site_name":"Fundaci&oacute;n San Jos&eacute; Buga","article_publisher":"https:\/\/www.facebook.com\/fundacionsanjosebuga\/","article_modified_time":"2018-08-14T20:44:26+00:00","twitter_card":"summary_large_image","twitter_misc":{"Tiempo de lectura":"2 minutos"},"schema":{"@context":"https:\/\/schema.org","@graph":[{"@type":"WebPage","@id":"https:\/\/www.fsjb.org\/web\/?page_id=114","url":"https:\/\/www.fsjb.org\/web\/?page_id=114","name":"Dec\u00e1logo del Buen Servicio - Fundaci&oacute;n San Jos&eacute; Buga","isPartOf":{"@id":"https:\/\/www.fsjb.org\/web\/#website"},"datePublished":"2018-05-07T19:26:54+00:00","dateModified":"2018-08-14T20:44:26+00:00","breadcrumb":{"@id":"https:\/\/www.fsjb.org\/web\/?page_id=114#breadcrumb"},"inLanguage":"es","potentialAction":[{"@type":"ReadAction","target":["https:\/\/www.fsjb.org\/web\/?page_id=114"]}]},{"@type":"BreadcrumbList","@id":"https:\/\/www.fsjb.org\/web\/?page_id=114#breadcrumb","itemListElement":[{"@type":"ListItem","position":1,"name":"Portada","item":"https:\/\/www.fsjb.org\/web\/"},{"@type":"ListItem","position":2,"name":"Dec\u00e1logo del Buen Servicio"}]},{"@type":"WebSite","@id":"https:\/\/www.fsjb.org\/web\/#website","url":"https:\/\/www.fsjb.org\/web\/","name":"Fundaci\u00f3n San Jos\u00e9 Buga","description":"Pagina web","publisher":{"@id":"https:\/\/www.fsjb.org\/web\/#organization"},"potentialAction":[{"@type":"SearchAction","target":{"@type":"EntryPoint","urlTemplate":"https:\/\/www.fsjb.org\/web\/?s={search_term_string}"},"query-input":{"@type":"PropertyValueSpecification","valueRequired":true,"valueName":"search_term_string"}}],"inLanguage":"es"},{"@type":"Organization","@id":"https:\/\/www.fsjb.org\/web\/#organization","name":"Fundaci\u00f3n San Jos\u00e9 Buga","url":"https:\/\/www.fsjb.org\/web\/","logo":{"@type":"ImageObject","inLanguage":"es","@id":"https:\/\/www.fsjb.org\/web\/#\/schema\/logo\/image\/","url":"https:\/\/www.fsjb.org\/web\/wp-content\/uploads\/logo-n.png","contentUrl":"https:\/\/www.fsjb.org\/web\/wp-content\/uploads\/logo-n.png","width":208,"height":166,"caption":"Fundaci\u00f3n San Jos\u00e9 Buga"},"image":{"@id":"https:\/\/www.fsjb.org\/web\/#\/schema\/logo\/image\/"},"sameAs":["https:\/\/www.facebook.com\/fundacionsanjosebuga\/","https:\/\/co.linkedin.com\/company\/fsjb"]}]}},"_links":{"self":[{"href":"https:\/\/www.fsjb.org\/web\/index.php?rest_route=\/wp\/v2\/pages\/114","targetHints":{"allow":["GET"]}}],"collection":[{"href":"https:\/\/www.fsjb.org\/web\/index.php?rest_route=\/wp\/v2\/pages"}],"about":[{"href":"https:\/\/www.fsjb.org\/web\/index.php?rest_route=\/wp\/v2\/types\/page"}],"author":[{"embeddable":true,"href":"https:\/\/www.fsjb.org\/web\/index.php?rest_route=\/wp\/v2\/users\/1"}],"replies":[{"embeddable":true,"href":"https:\/\/www.fsjb.org\/web\/index.php?rest_route=%2Fwp%2Fv2%2Fcomments&post=114"}],"version-history":[{"count":0,"href":"https:\/\/www.fsjb.org\/web\/index.php?rest_route=\/wp\/v2\/pages\/114\/revisions"}],"wp:attachment":[{"href":"https:\/\/www.fsjb.org\/web\/index.php?rest_route=%2Fwp%2Fv2%2Fmedia&parent=114"}],"curies":[{"name":"wp","href":"https:\/\/api.w.org\/{rel}","templated":true}]}}